r when a is divided by 2/7 - (-173)/7?
23
Suppose -d = -3*d + 3*y - 24, 5*d + y = -26. Let u(p) = -23*p - p**2 + 129 - 141 + 8*p. What is the remainder when u(d) is divided by 11?
9
Let o(b) = 2*b**3 + 28*b**2 - 9*b + 11. Let n be o(-14). Suppose 0 = 4*i - n + 25. Let g = 42 + -24. Calculate the remainder when i is divided by g.
10
Let z(w) = -w**2 + 27*w - 109. Let s be z(19). Suppose 2*y + 41*n - 26 = s*n, -4*y - 4*n = -12. What is the remainder when 18 is divided by y?
2
Let l(x) = -4 + 0*x**2 + 3*x + 1 + 2*x**2. Let z(t) = -2*t**3 - 9*t**2 + 24*t + 108. Let d be z(-4). Calculate the remainder when 48 is divided by l(d).
14
Suppose -58 = -5*u - 48. Suppose u*n = 22*n - 2460. Calculate the remainder when n is divided by 3.
0
Suppose 24*l - 311 + 47 = 0. Suppose 0 = 117*w - 112*w - 160. Calculate the remainder when w is divided by l.
10
Let w(v) = v**3 + 6*v**2 + v + 8. Let d be w(-6). Let l = d + 23. Suppose 0 = -f - 2*j + 31, 46 = f + j + 11. Calculate the remainder when f is divided by l.
14
Suppose -264*b = -167*b - 513227. What is the remainder when b is divided by 28?
27
Suppose 0 = 4*m + 3*k - 223, 4*k - k - 15 = 0. What is the remainder when m is divided by (-9)/(-21) - (123/(-7) - 12)?
22
What is the remainder when 1566 is divided by (-4697)/(-63) - 24/(-54)?
66
Suppose -5*w + 11 + 53 = -3*v, 5*v = 5*w - 100. Let d = -6 - v. Let q = -1467 - -1500. What is the remainder when q is divided by d?
9
Let z = -1 + -54. Let s be 1/3 + z/(-15). Suppose 0 = -s*j + 343 + 345. What is the remainder when j is divided by 44?
40
What is the remainder when 1961 is divided by (40 - -1)*(-1*0/(-1) + 3)?
116
Let s = -23 + 100. Let w = s - 64. Let f = -64 + 87. Calculate the remainder when f is divided by w.
10
Calculate the remainder when 259 is divided by (3/6)/(17/(-36720)*-12).
79
Let h = 785 + -795. What is the remainder when 63 is divided by (2/4)/(-11*h/5060)?
17
Suppose -j + d = 0, 3*j + d + 3*d = 14. Let h(p) = p**3 - 9*p**2 + 11*p + 7. Let k = -26 - -34. Calculate the remainder when h(k) is divided by j.
1
Suppose 3*h - 234 = 4*d + 194, 0 = -h - 2*d + 126. What is the remainder when 526 is divided by h?
118
Let u = 24 - -10. Let f = -372 - -195. Let d = f - -276. Calculate the remainder when d is divided by u.
31
Let b(a) = 3*a**2 - 59*a + 174. What is the remainder when (-33)/2*10/(-3) is divided by b(3)?
7
Suppose 0 = 295*p - 331*p + 1584. What is the remainder when 3943 is divided by p?
27
Let q(a) = a**2 - 20*a + 114. Let x be q(12). Let t(z) = -z**3 + 18*z**2 + 3*z - 30. What is the remainder when 67 is divided by t(x)?
19
Suppose -24*o - 14 = -7*o - 796. Calculate the remainder when 123 is divided by o.
31
Suppose -2*f - j = -1897, 2*j + 2972 - 123 = 3*f. Calculate the remainder when f is divided by 136.
133
Let o = -14804 - -15229. Calculate the remainder when o is divided by 6.
5
Suppose 10*y - 28*y + 16900 = -5*y. What is the remainder when y is divided by 7?
5
Suppose 3*w - 16953 = -11*z, 13*z - 2*w = 8*z + 7716. What is the remainder when z is divided by 170?
12
Suppose -s - c = -54 + 77, -3*s - 73 = c. Let n be 40 + (1 - -1 - 2). Let g = n + s. What is the remainder when 29 is divided by g?
14
Let h(x) = 4*x**2 - 11*x + 10. Let w be h(5). Suppose 8 + 0 = 2*j, -5*j - w = -3*v. What is the remainder when 94 is divided by v?
19
Let z = 11389 - 11364. Suppose 0*a - 11 = -a. What is the remainder when z is divided by a?
3
Suppose -d = h - 63, -4*h + 15 = -4*d + 259. Let q = 217 + -204. Calculate the remainder when d is divided by q.
10
Let q = -100 + 337. Suppose -q = 11*l - 1766. What is the remainder when l is divided by 35?
34
Calculate the remainder when ((-5)/10)/(10/(-13900)) is divided by 690.
5
Suppose 4 = 3*x - 4*t + 8, 0 = 4*x - t - 12. Suppose -74 = -x*i + 2*r, -3*r - 7 = i - 8. What is the remainder when 79 is divided by i?
15
Suppose 6*p + 61 = 79. Calculate the remainder when 0/p - (-55 + 2 + -5) is divided by 16.
10
Suppose 23 + 1 = z - 4*x, 0 = -3*z + 5*x + 72. Suppose 672 = -8*m + z*m. Calculate the remainder when m is divided by 28.
14
Let h(o) = 4*o + 14. Let x be h(-3). Let b = x + 7. Calculate the remainder when b is divided by 7.
2
Suppose 17*m + 9*m - 11866 + 4040 = 0. What is the remainder when m is divided by 248?
53
Let r = -9 + 19. Suppose 103 + 110 = 4*y + 3*z, 5*z = 3*y - 196. Calculate the remainder when y is divided by r.
7
Suppose 2*f + 1269 = -81. Let l be 2/((48/f)/(-8)). Suppose c = 4*h - l, -h - 5*c + 69 = -c. What is the remainder when h is divided by 4?
1
Let g(y) = -y**3 + y**2 + y - 3. Let q be g(1). Calculate the remainder when 62 is divided by (q - -9)/(14/56).
6
Suppose v = -5*u + 187, 4*u = 186 - 158. Calculate the remainder when 7748 is divided by v.
148
Suppose -34*s - 88 = -12*s. What is the remainder when ((-26)/s)/(30/420) is divided by 4?
3
Let g(y) = -86*y - 97. Let f be g(-10). Suppose 886 = 17*v - f. What is the remainder when v is divided by 14?
13
Suppose 20 = 4*y - 0. Suppose i = -4*a - 3, -14 = i - y*i - 3*a. Let h(n) = n**2 - 17*n + 47. What is the remainder when h(15) is divided by i?
2
Suppose 93789*k = 93777*k + 516. Calculate the remainder when 762 is divided by k.
31
Suppose -5*p = 3*v - 11, -2*v - 3*p = -4*p + 10. Let z be v/(-6) + 70/(-4). Let g = z + 50. What is the remainder when g is divided by 18?
15
Let n be (-3 - (-133)/42)*12*2. Let h be 14/8 - 2/(-8). Suppose 5*d + m + n - 16 = 0, 2*d = -h*m. What is the remainder when 13 is divided by d?
1
Suppose 3944 - 3185 = 11*o. Calculate the remainder when 935 is divided by o.
38
Let k = 14 + -5. Suppose 23656*n = 23696*n - 2040. What is the remainder when n is divided by k?
6
Let y = -205 + 362. Let a be (10 - -1)*((4 - 0) + 7). Suppose 4*v - a = -3*l, -4*l - v = -0*l - y. Calculate the remainder when l is divided by 8.
7
Let m(d) = 30 + d**2 + 0*d**2 + 37*d + 41 - 68*d. What is the remainder when m(31) is divided by 8?
7
Suppose -118 = -c - w, -47*c + 700 = -41*c + 4*w. What is the remainder when 267 is divided by c?
39
Let o(l) = l**3 + 10*l**2 - 2*l - 17. Let y be o(-8). Let k = -124 + y. What is the remainder when 16 is divided by k?
1
Suppose -3*x = -2*x - 13. Suppose -101 = 3*b + 427. Let g = 181 + b. Calculate the remainder when x is divided by g.
3
Suppose -1272 = 74703*w - 74756*w. Suppose -59 = 2*v - 343. Calculate the remainder when v is divided by w.
22
Suppose 601 + 3513 = 34*r. What is the remainder when r is divided by 9?
4
Let v = 16 - 45. Calculate the remainder when 54 is divided by ((2 - 1) + v)*3/(-6).
12
Suppose 11*d - 124 = -2*x + 16*d, 196 = 4*x + 3*d. Calculate the remainder when 220 is divided by x.
12
Let k = 184 + 29. Let f = k - 169. Let z(h) = 2*h**2 + 11*h - 5. Calculate the remainder when z(-10) is divided by f.
41
Let n(r) = r**3 - 6*r**2 + 7*r + 2. Let x(f) = f**3 - 58*f**2 - 449*f - 235. What is the remainder when x(65) is divided by n(6)?
23
Let u = -5952 + 6248. What is the remainder when u is divided by 49?
2
Let d = -7082 + 7084. Calculate the remainder when 115 is divided by d.
1
Let g(r) = -11*r + 4. Suppose -4*u = 3*w - 612, 4*w - 4*u - 737 - 51 = 0. Calculate the remainder when w is divided by g(-6).
60
Let p be (-97)/(((-2)/10)/(88/55)). Let z = -480 + p. Calculate the remainder when z is divided by 11.
10
Let q(m) = -18*m - 107. Let a(z) = 56*z + 320. Let s(i) = 5*a(i) + 16*q(i). Calculate the remainder when 146 is divided by s(-19).
26
Let t(x) = x**3 + 7*x**2 + 4*x - 10. Let g be t(-6). Let j(m) = 8*m - 6. What is the remainder when 29 is divided by j(g)?
9
Let m = -1 + 4. Suppose m*f - 4*w = 19, 12 = 2*f - 2*w - 2. Let n = -2569 + 2575. What is the remainder when f is divided by n?
3
Suppose 7*f + 42 = -7*f. Calculate the remainder when 1*-60*(f - (11 - 13)) is divided by 19.
3
Suppose -9*k - 17 = -3*h - 8*k, 2*h - 2*k - 18 = 0. Let d(j) = 145*j**2 + 1. What is the remainder when d(-1) is divided by (h/(-2))/((-4)/74)?
35
Suppose -v = -3*v + 2*b + 100, -95 = -2*v + 3*b. Let t = -940 - -1210. What is the remainder when t is divided by v?
50
Suppose 0 = 10*h - 90 + 30. Suppose h*z - 3006 = -594. What is the remainder when z is divided by 81?
78
Let r be ((-27)/15)/(9/(-30)). Suppose -r*v + 3*v = -429. Suppose 5*u - 2*j = 149, 2*j = 3*u + 4*j - 83. What is the remainder when 